 when o is divided by 18?
15
Let i(p) = -p**2 + 15*p - 22. Calculate the remainder when 42 is divided by i(6).
10
Suppose -97 = 20*z - 177. Calculate the remainder when 2 + (13 - 0/1) is divided by z.
3
Let b = -32 - -35. Suppose 3*w - z - 4*z - 40 = 0, b*w = z + 56. Calculate the remainder when 30 is divided by w.
10
Let l(y) = 0*y**3 + 14*y**2 + 11 + 3*y - 4*y**2 - 2*y**2 + y**3. What is the remainder when l(-5) is divided by 36?
35
Let j(w) = 2*w**2 + 2*w + 10. Let v be j(5). Let k = v + -41. Calculate the remainder when 86 is divided by k.
28
Let r(c) = -c**3 + 14*c**2 - 13*c + 6. Suppose 0 = 5*p + y - 4*y - 71, p = 5*y + 23. Calculate the remainder when r(p) is divided by 2.
0
Suppose 27*k - 2343 - 1491 = 0. What is the remainder when k is divided by 41?
19
Let f(r) = -2*r**3 + 36*r**2 - 31*r - 13. Calculate the remainder when 98 is divided by f(17).
22
Suppose 24*s = 30*s - 456. What is the remainder when s is divided by 20?
16
What is the remainder when 123 is divided by 143/8 + (-53)/(-424)?
15
Suppose -112*n = -116*n - 4*t + 8, 5*t + 10 = 0. Calculate the remainder when 338 is divided by n.
2
Let a(v) = -3*v**3 - 6*v**2 - 3*v - 6. Let k be a(-4). Suppose 106 = x + k. Calculate the remainder when 7 is divided by x.
3
Let y be 2 - (-2 + (-4)/(-2)). Suppose -y*x = g - 10, 4*x + g = -2*g + 24. Suppose -x*m = 2*m - 115. What is the remainder when m is divided by 6?
5
Suppose 77*v - 78*v - 5*x = -56, 0 = 3*v + 5*x - 128. Let f(l) = 3*l**3 - 3*l**2 + 1. What is the remainder when v is divided by f(2)?
10
Calculate the remainder when 60 is divided by -2*(7 + -5 + -10).
12
Let z(q) = -q**3 - 5*q**2 - 3*q + 2. Calculate the remainder when 5*13 + (-15 + -1 - -9) is divided by z(-5).
7
Let j(i) = -2*i. Let n be j(-8). Let x be 2/(2 + n/(-12)). Let z = x + 12. Calculate the remainder when 42 is divided by z.
12
Let l(r) = 2*r**2 - 12. Let m be l(-4). Suppose m = 5*h + 5*o - 0, h - o = 4. Calculate the remainder when 10 is divided by h.
2
Let v(i) = -2 + 62*i**2 + 2 - i. Suppose -64*h - 43 = 21. Calculate the remainder when v(h) is divided by 16.
15
Suppose j + 3*c + 14 = 0, 4*c + 17 = -0*j - j. Let o(w) = -7*w - 28. What is the remainder when 41 is divided by o(j)?
6
Let j(r) = 51*r + 363. Calculate the remainder when j(-6) is divided by 44.
13
Let l be -2*(-1 + 3/6) + 2. Suppose -u - 5*h + 119 = l*u, u - 4*h = 14. Calculate the remainder when 50 is divided by u.
24
Let x = 345 + -223. Calculate the remainder when x is divided by 65.
57
Let z(v) = 16*v - 6. Let s be z(-4). Let h be s/20*(-6 + 0). What is the remainder when 405/h - 2/7 is divided by 12?
7
Suppose -4*a + 64 = 12*y - 16*y, -36 = -3*a - y. Calculate the remainder when 59 is divided by a.
7
Let r = 70 + -33. Suppose -2*i - 2*o - 13 + r = 0, -5*i = -3*o - 36. What is the remainder when i is divided by 4?
1
Suppose 23 + 21 = 4*s. Calculate the remainder when ((-114)/12 + -5)*-2 is divided by s.
7
Suppose q + 5*h = -25, -3*h + 0 = 15. Suppose 2*k - 60 + q = 0. Let z(x) = -2*x**3 - 6*x**2 + 2*x - 1. Calculate the remainder when z(-5) is divided by k.
29
Let g(y) = y**2 - 3*y - 7. Let u be g(7). Let b = u - 22. Calculate the remainder when (0 + 1)*b + 10 is divided by 6.
3
Let l = -62 - -34. Calculate the remainder when (3 + -3)/(-1) - l is divided by 8.
4
Let l = -12 - -45. Suppose -5*r = -n - 25, -3*n = 4*r - r - l. Calculate the remainder when 9 is divided by r.
3
Suppose 2*d - 3*z + 126 = 5*d, d = 3*z + 38. Let v = d + 14. What is the remainder when v is divided by 15?
10
Let a = -25 - -31. Calculate the remainder when 9 is divided by a*((-2)/4)/(-1).
0
Suppose 0 = b - 5*m - 131, 0 = -2*b + b - 5*m + 151. Calculate the remainder when b is divided by 9.
6
Let d(u) = 5 + u**3 - 3*u - 3*u - 2 + 5*u**2. Let k be d(-6). Suppose 2*t - 24 = -4*j, -k*j + 11 + 1 = 0. What is the remainder when 6 is divided by t?
2
Let x = 560 - 503. Calculate the remainder when x is divided by 21.
15
Calculate the remainder when 52 is divided by ((-32)/(-12))/(1*3/18).
4
Let u(a) = a. Let p be u(0). Suppose -6*v = s - 5*v - 44, -s + 5*v = -44. Suppose p = -o - o + s. What is the remainder when 42 is divided by o?
20
Let f = 43 - 34. What is the remainder when 40 is divided by f?
4
Let k = -1536 - -1570. Calculate the remainder when k is divided by 22.
12
Let j be 1 + (15 - 2) - 0. Let x = j - 8. What is the remainder when (-7)/56 - 387/(-24) is divided by x?
4
Let x(a) = 2*a**2 - 5*a + 6. Let j = -86 - -90. Calculate the remainder when 106 is divided by x(j).
16
Suppose -5*p = -4*b + 210, -5*p - 69 - 41 = -2*b. Suppose -b = 5*s - 165. Calculate the remainder when s is divided by 13.
10
Let a(t) = 2*t**2 + 5*t + 5. Let d be a(-2). Suppose -23 = -d*b + y + 1, -4*b + 13 = 5*y. Calculate the remainder when 19 is divided by b.
5
Suppose -5*g = -99 + 24. What is the remainder when ((-36)/12)/((-3)/58) is divided by g?
13
Suppose -5*p - 5 = 0, 2*g + 2*p - 3*p + 17 = 0. Let k be (402/(-18))/(3/g). Suppose x - 11 = k. What is the remainder when x is divided by 20?
18
Let r(p) = p**2 + 5*p + 2. Let o(z) = 3*z**2 - z - 15. Calculate the remainder when o(4) is divided by r(-6).
5
Suppose -29*d + 605 = -34*d. Let v = d - -130. Calculate the remainder when 28 is divided by v.
1
Let q = -8295 - -8301. What is the remainder when (11/3)/(1/6) is divided by q?
4
Let z = 0 + 5. Suppose 20 = 4*p + p, -z*a + 3*p = -8. Suppose 4*f - 60 = -4*b, -5*b - a*f + 93 = 23. What is the remainder when 26 is divided by b?
6
Let d be 2/(-3) - 1708/(-6). Suppose 11*i - 7*i - d = 0. Suppose 3*n - i = -4*y, 0 = -5*n + 2*n - 3*y + 69. What is the remainder when 40 is divided by n?
19
Let u(h) = h**3 + 13*h**2 - 13*h + 18. Let l be u(-14). Suppose -w + 28 = l*w - 2*g, w - 4*g = 2. What is the remainder when w is divided by 2?
0
Let k = 65 + -62. Let h be 21/3 + 0/(-1). Suppose h*b - 32 = 3*b - 5*f, -k*b = 4*f - 25. Calculate the remainder when 6 is divided by b.
0
Let k(b) = b**3 + 7*b**2 + 6*b. Let g be k(-6). Suppose d - 33 = -t - d, 3*d - 6 = g. Calculate the remainder when t is divided by 15.
14
Suppose -4*m - 10*a = -9*a - 477, -4*m + 479 = 3*a. What is the remainder when m is divided by 2?
1
Let d be (-2)/(-11) - (-1192)/(-22). Let l = 64 + d. Suppose h - 4 = -0. Calculate the remainder when l is divided by h.
2
Suppose 4*a = -4*d + 8, 0 = -a + 4*d + 23 - 1. Let z be (30/(-24))/(1/(-12)). Suppose 8*j - 9*j = -z. What is the remainder when j is divided by a?
3
Let m = -830 + 1390. Let h(z) = -z**2 - 9*z + 2. What is the remainder when m/15 + 6/9 is divided by h(-8)?
8
Calculate the remainder when (2 + 5 + -6)*451 is divided by 91.
87
Suppose k + 0 = -8. Let j = k - -30. Suppose 3*y + 4*a - 243 = 0, -4*a + 47 = -y + 144. What is the remainder when y is divided by j?
19
Suppose -25 = -176*p + 171*p. Suppose n - 73 = -z - n, -p*n = 5*z - 360. What is the remainder when z is divided by 18?
17
Suppose 17 = 3*d + i, i = 4*d + 5*i - 20. Suppose -d*r = -27 - 33. Calculate the remainder when 87 is divided by r.
7
Let c = -13 - -38. Suppose 20 + c = 5*o. Calculate the remainder when 160/(-15)*(1 + -4) - -1 is divided by o.
6
Suppose 0 = -5*y + 5, 47 - 9 = 5*a + 3*y. Let q = 140 + -135. What is the remainder when a is divided by q?
2
Let y = -11 - -15. Suppose y*s = 5*s + 38. Let l = -21 - s. Calculate the remainder when 33 is divided by l.
16
Suppose 943 = 51*y - 1709. What is the remainder when 197 is divided by y?
41
Let h(v) = -3*v - 7. Let s be h(-5). Let k be 532/s + 3/6. Suppose -92 - k = -3*r. Calculate the remainder when r is divided by 27.
26
Suppose 3*k - 35 = -z, -4*z = 4*k - 6*z - 50. Suppose 0 = a + 5*s - 71 + 69, -s + 34 = 5*a. What is the remainder when k is divided by a?
5
Let b = 9 + -6. Suppose 0 = 2*g - 4, 0*g = 5*a - b*g - 129. Calculate the remainder when 2/(-3*(-2)/237) is divided by a.
25
Suppose 5*o - 30 + 0 = 0. Suppose -d + o = -8. What is the remainder when 68 is divided by d?
12
Let f be -12*(-2 - (-3 - 4/(-2))). Suppose 0 = 3*z - 15, 4*d = -d + 2*z + 360. What is the remainder when d is divided by ((-76)/f)/((-1)/3)?
17
Suppose -9*o - 515 = -4*o. Let x = o + 133. What is the remainder when 88 is divided by x?
28
Suppose 4*z + 2*i - 2540 = 0, z - 317 = -2*i + 318. What is the remainder when z is divided by 6?
5
Let c(j) = 